pose 4*z + 24 = 12*z. What is the greatest common factor of z and 12?
3
Suppose -c = -3*r + 41, -r + 3*r - 102 = 2*c. Let q be (-1192)/c - (-2)/(-7). Calculate the highest common factor of q and 21.
21
Suppose 0 = 5*z + 2*w - 50, -2*z + 6*z - 40 = 2*w. Let l(a) = a**2 + a + 40. Let p be l(0). What is the highest common divisor of p and z?
10
Suppose 6*l + 7*l = 247. Calculate the highest common factor of l and 38.
19
Let d = -20 - -11. Let k(q) = -q - 5. Let u be k(d). What is the highest common factor of 16 and u?
4
Suppose 12 + 4 = 4*r. Let b = -1 + r. Suppose b*z - 37 - 29 = 0. What is the greatest common factor of z and 2?
2
Suppose -4 = -f + 2. Let u be 3/6*(-2 + 4). Let s be -1*u + 30/f. Calculate the greatest common factor of s and 32.
4
Let t = 1 - -1. Suppose -132 = c - t*c. What is the greatest common factor of 12 and c?
12
Let s = 0 - -3. Suppose -b = -s*b - 4. Let d = 4 + b. Calculate the highest common factor of d and 2.
2
Let a(k) = -7*k + 14. Let z be a(-7). Suppose 4*x - z = -19. What is the greatest common divisor of x and 99?
11
Let f(z) = -7 - 1 + 2 + 2*z. Let y be f(7). What is the highest common factor of 8 and y?
8
Let b(m) = -m**2 - m - 1. Let x(y) = 4*y**2 + 19*y - 4. Let o(a) = 5*b(a) + x(a). Let p be o(9). Calculate the greatest common divisor of 18 and p.
18
Suppose 2*l - 2*n + 3*n = 191, -5*l = n - 476. Suppose -2*f - 11 = -d + 12, 3*f - 32 = -2*d. What is the highest common divisor of d and l?
19
Let z be 4/6*(-12 - 6). Let y be (z/(-9))/((-6)/(-9)). Calculate the highest common divisor of y and 6.
2
Let t be -33 + 0 - (-1)/1. Let m be (t/10)/(1/(-5)). Suppose -10 - 23 = -3*o - 3*k, 4*k - 20 = -o. What is the greatest common divisor of o and m?
8
Let o = -12 - -17. Suppose o*l - 125 = -4*v, 0 = -5*v + 2*l - 7*l + 150. Let x be ((-80)/24)/(1/(-3)). What is the highest common divisor of x and v?
5
Let d(s) = -s**2 + 8*s + 1. Let u be d(8). Calculate the highest common factor of u and 11.
1
Suppose 0 = -c - c + 74. Calculate the greatest common divisor of c and 296.
37
Let s be (15/10)/(3/8). Suppose b - 6 - s = 0. Calculate the greatest common factor of b and 90.
10
Suppose -68 = -5*s - 3*b, 3*b = 4*s + b - 50. What is the highest common divisor of 117 and s?
13
Suppose 3*f + 49 = 4*q + 164, f = -5*q + 70. Calculate the greatest common divisor of f and 9.
9
Suppose 5*s + 16 = s. Let q be (0 - s)/(-2) + 90. What is the highest common divisor of q and 11?
11
Let y = -11 + 51. Calculate the greatest common divisor of y and 8.
8
Suppose -m + 4*m - 228 = 0. Let p = -42 + m. What is the highest common divisor of p and 51?
17
Let d be (-59)/6 - (-2)/(-12). Let n = d - -37. Let h = n + 18. Calculate the greatest common factor of 5 and h.
5
Let f(o) = o + 6. Let k be f(-6). Suppose q - t = 8, 3*t - 8 = -q - k*t. Calculate the highest common factor of q and 4.
4
Let w = 22 + -10. Calculate the greatest common factor of 18 and w.
6
Let f = 13 - 5. Let o = 19 - 18. What is the highest common factor of o and f?
1
Suppose b = -2*b + 138. Let o = b + -28. What is the greatest common factor of 18 and o?
18
Let w = 689 - 455. Calculate the highest common factor of w and 26.
26
Suppose -3*v = -v - 4. Let q be (-1 - 16/(-3)) + (-41)/123. What is the greatest common factor of q and v?
2
Let n = -343 - -607. What is the greatest common factor of 24 and n?
24
Let h(r) = 3*r - 4. Let d be h(2). Let q(f) = f**3 - f**2 + 3*f - 4. Let y be q(d). Calculate the greatest common divisor of 54 and y.
6
Suppose 0 - 9 = 3*b. Let g(y) = -7*y - 4. Let f be g(b). Calculate the highest common divisor of 136 and f.
17
Let n(q) = -q**3 + 18*q**2 - 16*q + 23. Let k be n(17). What is the greatest common factor of 60 and k?
20
Let m = 12 + 0. Let t be 1719/36 - (-2)/8. Calculate the greatest common divisor of m and t.
12
Suppose 3*t - i = 4*i + 754, t - 263 = 4*i. What is the highest common divisor of t and 27?
27
Let j(m) be the second derivative of 2*m**3/3 + 2*m**2 - 3*m. Suppose -20 = -7*b + 2*b. Let z be j(b). What is the greatest common divisor of z and 140?
20
Let q(k) = k**2 - k + 1. Let v be q(1). What is the highest common factor of v and 9?
1
Suppose 3*p + 24 = 4*f, -2*p + 38 = 2*f + 3*p. Suppose 347 = 2*q + 57. Suppose -n = 4*t - q, 28 = 3*t - 3*n - 77. What is the highest common factor of f and t?
9
Let h be (6/(-4))/(4/(-8)). Suppose -s = -3, 8*v - 153 = h*v - s. Calculate the greatest common divisor of v and 6.
6
Let n(b) = -b**2 + 5*b - 2. Let g be n(4). Suppose -14 - g = -2*f. Let j be 0 + -1 + f + -1. Calculate the greatest common divisor of 4 and j.
2
Let x(z) = -z**2 + 17*z - 10. Let k be x(13). Suppose -2*u - k = -4*n, -3*u - 8 = -n - 2*u. Calculate the highest common factor of n and 104.
13
Let g = 14 + -20. Let u(a) = -17*a + 2. Let d be u(g). Calculate the highest common divisor of 13 and d.
13
Suppose u - 3*g = -0*g + 1, 2 = 2*u + 5*g. Let j(s) = 4*s - 2. Let t be j(-7). Let y be (-170)/t + (-8)/(-6). Calculate the greatest common divisor of u and y.
1
Let g = -17 + 22. Suppose 119 + 181 = g*d. Calculate the highest common divisor of 12 and d.
12
Suppose -8 - 20 = 4*z. Let f be z/5 - (-10)/25. Let u be (2 - -2)*1 - f. Calculate the highest common factor of 15 and u.
5
Let m(t) = t**3 + 7*t**2 + 1. Let s be m(-7). Let b = s + 13. Calculate the highest common divisor of b and 21.
7
Suppose -5*m - 3*t = -10, 0 = 3*m + 2*t + 2 - 8. Let f(c) = 114*c - 3. Let y be f(m). Suppose a = -4*a + y. What is the greatest common divisor of a and 18?
9
Suppose 1 + 2 = -4*f - 5*b, -b = -5. Let h = 13 + f. What is the greatest common factor of h and 2?
2
Suppose -2 = -n + 2*n. Let s be (1 - n)*(-3 - -9). What is the highest common factor of s and 9?
9
Let k(w) = -17*w + 23. Let s be k(-17). Calculate the greatest common divisor of 39 and s.
39
Let v be (-6)/(-27) + 5610/27 + 2. What is the greatest common factor of 30 and v?
30
Let h = 13 + -12. Let y(f) = f + 3*f + 5*f - 1. Let l be y(h). Calculate the greatest common factor of l and 48.
8
Suppose 3 = -v + 27. What is the greatest common factor of 24 and v?
24
Suppose -2*h + 6*h - 144 = 0. Calculate the highest common factor of h and 180.
36
Suppose 15 = 5*m - 5, 4*r + 3*m = 0. Let t(h) = -4*h. Let s be t(r). What is the highest common divisor of 48 and s?
12
Suppose 57 + 213 = 5*h. What is the greatest common divisor of h and 6?
6
Let v = -9 + 11. Let u be 9*(v - 1) + -3. Suppose -2*p - 32 = -u*p. Calculate the highest common divisor of 2 and p.
2
Let x(z) = z + 97. Let f be x(23). What is the greatest common divisor of 15 and f?
15
Let k = -6 - -10. Let g be 2/k + (-115)/(-10). What is the greatest common factor of g and 48?
12
Let k(x) = -x**2 + 6*x + 3. Let u be k(5). Suppose -3*v = -7*v + 48. What is the greatest common factor of u and v?
4
Let z be ((-24)/(-32))/((-2)/(-32)*1). Suppose -90 = -6*g + g. Calculate the greatest common divisor of z and g.
6
Let w(h) = h**2 - 5*h + 6. Let j = 7 - 3. Let i be w(j). Let c = 6 - 2. Calculate the greatest common factor of i and c.
2
Let s(h) = -2*h + 1. Let n be s(-10). Suppose 5*j - 1140 = 5*b, 918 = j + 3*j - 2*b. Calculate the highest common factor of j and n.
21
Suppose 0 = -y - 1 - 1. Let i be (-1 - 0)*(y + -25). What is the greatest common factor of i and 3?
3
Suppose -7*s = -2*s - 55. Let a = s - 6. What is the greatest common factor of a and 2?
1
Let g be (-129)/2*8/(-6). Let c be 8704/44 - (-4)/22. Let d = c - g. Calculate the highest common divisor of 14 and d.
14
Suppose -2*d = -4*d - 26. Let l = 18 + d. Suppose 4*o + 252 = l*m, -2*o = -4*m + 90 + 108. Calculate the greatest common factor of 16 and m.
16
Suppose 2*s - 5*w - 24 = 0, 2*s - w - 24 = -0*s. Calculate the greatest common divisor of s and 60.
12
Suppose -3*b = -7*b + 8. Let l be (-1 - 1) + b + -8. Let m be (l/(-6))/((-4)/(-18)). What is the greatest common divisor of 3 and m?
3
Let v = 7 + -1. Let p be (3/v)/((-5)/(-10)). Calculate the greatest common factor of p and 1.
1
Let p(k) = -16*k + 15. Let s be p(-5). What is the greatest common divisor of s and 19?
19
Let u(r) = -r - 6. Suppose -5*f + 2*g - 10 - 35 = 0, -2*f + 3*g = 29. Let t be u(f). What is the greatest common divisor of 1 and t?
1
Let v(n) = 31*n**3 - 2*n + 1. Let a be v(1). What is the highest common divisor of 10 a